List the prime factors of 34174393.
11, 59, 4787
List the prime factors of 144709572.
2, 3, 7, 883, 1951
What are the prime factors of 391429515?
3, 5, 233, 111997
What are the prime factors of 12608774?
2, 6304387
List the prime factors of 300146453.
139, 2159327
What are the prime factors of 30618934?
2, 23, 665629
What are the prime factors of 572799294?
2, 3, 37, 860059
What are the prime factors of 2753795060?
2, 5, 23, 73, 82007
What are the prime factors of 70491633?
3, 617, 38083
List the prime factors of 91445176.
2, 17, 19, 43, 823
List the prime factors of 2657172949.
1013, 2623073
List the prime factors of 53203918.
2, 97, 139, 1973
List the prime factors of 1336490300.
2, 5, 13364903
What are the prime factors of 45959134?
2, 13, 113, 15643
List the prime factors of 92445781.
92445781
What are the prime factors of 1052511963?
3, 293, 997, 1201
What are the prime factors of 412950778?
2, 29, 2551, 2791
What are the prime factors of 209752045?
5, 31, 1353239
What are the prime factors of 161303449?
43, 3751243
What are the prime factors of 128267068?
2, 401, 79967
List the prime factors of 369483477.
3, 11, 23, 43, 11321
List the prime factors of 750558886.
2, 7, 11, 47, 857
What are the prime factors of 318246823?
47, 89, 76081
List the prime factors of 787148173.
7, 239, 470501
What are the prime factors of 82331270?
2, 5, 7, 168023
What are the prime factors of 38207127?
3, 7, 1819387
List the prime factors of 59909890.
2, 5, 389, 15401
What are the prime factors of 360732233?
19, 97, 195731
What are the prime factors of 150857433?
3, 3739, 4483
What are the prime factors of 2109439323?
3, 29, 67, 71, 1699
List the prime factors of 181354957.
7, 523, 49537
List the prime factors of 55663396.
2, 13915849
What are the prime factors of 2454450449?
11, 43, 5189113
List the prime factors of 45220182.
2, 3, 7, 1076671
What are the prime factors of 2472763110?
2, 3, 5, 82425437
List the prime factors of 8659876.
2, 127, 17047
List the prime factors of 146945339.
743, 197773
What are the prime factors of 210359879?
127, 443, 3739
List the prime factors of 182565216.
2, 3, 163, 3889
What are the prime factors of 770369882?
2, 385184941
List the prime factors of 1582690821.
3, 107, 269, 18329
What are the prime factors of 107081990?
2, 5, 10708199
What are the prime factors of 6996630915?
3, 5, 29, 5361403
What are the prime factors of 461332064?
2, 14416627
What are the prime factors of 63396990?
2, 3, 5, 277, 2543
List the prime factors of 63616592.
2, 13, 305849
What are the prime factors of 4795277966?
2, 31, 77343193
List the prime factors of 3866672420.
2, 5, 13, 37, 113, 3557
What are the prime factors of 31793889?
3, 23, 29, 15889
What are the prime factors of 40206017?
89, 451753
List the prime factors of 55610363.
55610363
What are the prime factors of 24913834?
2, 11, 1132447
List the prime factors of 847951514.
2, 467, 907871
What are the prime factors of 762980852?
2, 797, 239329
What are the prime factors of 4751634145?
5, 1511, 628939
What are the prime factors of 301212037?
7, 3733, 11527
What are the prime factors of 117778397?
11, 17, 19, 33149
List the prime factors of 1198787512.
2, 13, 487, 23669
What are the prime factors of 787092246?
2, 3, 23, 863, 2203
What are the prime factors of 1007153938?
2, 7, 19, 131, 4129
List the prime factors of 158264854.
2, 11, 43, 67, 227
What are the prime factors of 392003221?
17, 131, 176023
What are the prime factors of 153032061?
3, 7, 13, 19, 163, 181
What are the prime factors of 51116605?
5, 101, 101221
List the prime factors of 180654511.
47, 3843713
What are the prime factors of 718406708?
2, 179601677
List the prime factors of 64898143.
29, 67, 127, 263
What are the prime factors of 61808017?
31, 53, 37619
List the prime factors of 113203987.
13, 8707999
What are the prime factors of 87626641?
89, 113, 8713
What are the prime factors of 616275446?
2, 12109, 25447
What are the prime factors of 7512165?
3, 5, 97, 1721
List the prime factors of 212705753.
13, 3457, 4733
What are the prime factors of 233910181?
523, 447247
List the prime factors of 505653108.
2, 3, 743, 56713
What are the prime factors of 1087772032?
2, 43, 257, 769
What are the prime factors of 489718377?
3, 31, 1755263
List the prime factors of 6679172342.
2, 3339586171
List the prime factors of 315767296.
2, 13, 47441
What are the prime factors of 92488812?
2, 3, 13, 592877
List the prime factors of 55830512.
2, 19, 43, 4271
List the prime factors of 158325682.
2, 41, 1930801
What are the prime factors of 54655360?
2, 5, 23, 47, 79
List the prime factors of 3762722.
2, 19, 83, 1193
List the prime factors of 13574585.
5, 17, 159701
What are the prime factors of 3471595067?
43, 80734769
List the prime factors of 5663902.
2, 2831951
List the prime factors of 33576120.
2, 3, 5, 43, 241
What are the prime factors of 117349568?
2, 7, 163, 1607
What are the prime factors of 1747905?
3, 5, 19, 6133
What are the prime factors of 2726982785?
5, 545396557
List the prime factors of 248320965.
3, 5, 16554731
What are the prime factors of 2291869?
67, 79, 433
List the prime factors of 22684754.
2, 331, 34267
What are the prime factors of 294958977?
3, 2341, 41999
List the prime factors of 1341612.
2, 3, 83, 449
What are the prime factors of 101426744?
2, 67, 189229
List the prime factors of 10739239.
7, 59, 26003
What are the prime factors of 14023231?
397, 35323
List the prime factors of 101328657.
3, 33776219
List the prime factors of 345382124.
2, 37, 2333663
List the prime factors of 706228277.
1579, 447263
List the prime factors of 25137324.
2, 3, 232753
What are the prime factors of 47046451?
19, 2476129
What are the prime factors of 275857310?
2, 5, 27585731
List the prime factors of 3651434600.
2, 5, 11, 109, 15227
List the prime factors of 18426925.
5, 11, 37, 1811
What are the prime factors of 2160434272?
2, 2741, 24631
What are the prime factors of 408253409?
408253409
List the prime factors of 51369532.
2, 12842383
List the prime factors of 5148159467.
11, 67, 1049, 6659
What are the prime factors of 687776030?
2, 5, 1153, 59651
List the prime factors of 2034522817.
193, 10541569
What are the prime factors of 1357165019?
7, 271, 829, 863
List the prime factors of 52660523.
41, 401, 3203
What are the prime factors of 18331810?
2, 5, 7, 257, 1019
What are the prime factors of 3018455357?
3018455357
List the prime factors of 15612102.
2, 3, 11, 8761
List the prime factors of 37073943.
3, 179, 2557
List the prime factors of 313462755.
3, 5, 1063, 6553
List the prime factors of 1663645777.
113, 431, 34159
List the prime factors of 84244000.
2, 5, 21061
List the prime factors of 80301856.
2, 2509433
List the prime factors of 254147857.
19, 37, 97, 3727
List the prime factors of 817383935.
5, 59, 2770793
What are the prime factors of 10878239?
10878239
What are the prime factors of 3782154395?
5, 997, 758707
List the prime factors of 1388074217.
1388074217
List the prime factors of 149827755.
3, 5, 7, 11, 73, 1777
What are the prime factors of 101095739?
1039, 97301
List the prime factors of 1737824174.
2, 163, 5330749
What are the prime factors of 829762865?
5, 165952573
What are the prime factors of 747221517?
3, 7, 619, 2129
What are the prime factors of 44418162?
2, 3, 19, 20507
List the prime factors of 1783255319.
397, 4491827
List the prime factors of 5086548234.
2, 3, 15959, 17707
What are the prime factors of 3707328295?
5, 11, 17, 113, 35089
List the prime factors of 2561837649.
3, 7, 419, 41593
What are the prime factors of 3946016440?
2, 5, 401, 246011
List the prime factors of 25434036.
2, 3, 127, 5563
List the prime factors of 159893979.
3, 7, 7613999
List the prime factors of 46800258.
2, 3, 29, 277, 971
List the prime factors of 43118736.
2, 3, 898307
List the prime factors of 27496522.
2, 43, 319727
List the prime factors of 4532034475.
5, 79, 83, 27647
List the prime factors of 63279486.
2, 3, 23, 353, 433
List the prime factors of 10970322.
2, 3, 11, 359, 463
What are the prime factors of 1668979867?
1668979867
What are the prime factors of 87238261?
11, 1777, 4463
What are the prime factors of 1704406320?
2, 3, 5, 789077
What are the prime factors of 54713760?
2, 3, 5, 31, 3677
List the prime 